{"id":290,"date":"2024-01-26T20:14:05","date_gmt":"2024-01-26T19:14:05","guid":{"rendered":"https:\/\/agenciaphotogenic.com\/web\/?page_id=290"},"modified":"2024-02-21T17:53:32","modified_gmt":"2024-02-21T16:53:32","slug":"contacto","status":"publish","type":"page","link":"https:\/\/agenciaphotogenic.com\/web\/contacto\/","title":{"rendered":"Contacto"},"content":{"rendered":"\t\t<div data-elementor-type=\"wp-page\" data-elementor-id=\"290\" class=\"elementor elementor-290\" data-elementor-post-type=\"page\">\n\t\t\t\t\t\t<section class=\"elementor-section elementor-top-section elementor-element elementor-element-3d734ef5 elementor-section-height-min-height elementor-section-boxed elementor-section-height-default elementor-section-items-middle\" data-id=\"3d734ef5\" data-element_type=\"section\" data-settings=\"{&quot;background_background&quot;:&quot;classic&quot;}\">\n\t\t\t\t\t\t\t<div class=\"elementor-background-overlay\"><\/div>\n\t\t\t\t\t\t\t<div class=\"elementor-container elementor-column-gap-no\">\n\t\t\t\t\t<div class=\"elementor-column elementor-col-100 elementor-top-column elementor-element elementor-element-544254f8\" data-id=\"544254f8\" data-element_type=\"column\">\n\t\t\t<div class=\"elementor-widget-wrap elementor-element-populated\">\n\t\t\t\t\t\t<div class=\"elementor-element elementor-element-50c9698f elementor-widget elementor-widget-qi_addons_for_elementor_section_title\" data-id=\"50c9698f\" data-element_type=\"widget\" data-widget_type=\"qi_addons_for_elementor_section_title.default\">\n\t\t\t\t<div class=\"elementor-widget-container\">\n\t\t\t\t\t<div class=\"qodef-shortcode qodef-m qodef-qi-section-title qodef-decoration--underline qodef-link--underline-draw qodef-subtitle-icon--left\">\n\t\t\t<h1 class=\"qodef-m-title\">\n\t\t<span class=\"qodef-e-colored\">Contacto<\/span>\t<\/h1>\n\t\t\t\t<h3 class=\"qodef-m-subtitle\">\n\t\tTe estamos esperando\t\t\t<\/h3>\n\t\t\t<\/div>\n\t\t\t\t<\/div>\n\t\t\t\t<\/div>\n\t\t\t\t\t<\/div>\n\t\t<\/div>\n\t\t\t\t\t<\/div>\n\t\t<\/section>\n\t\t\t\t<section class=\"elementor-section elementor-top-section elementor-element elementor-element-17284a74 elementor-section-boxed elementor-section-height-default elementor-section-height-default\" data-id=\"17284a74\" data-element_type=\"section\">\n\t\t\t\t\t\t<div class=\"elementor-container elementor-column-gap-no\">\n\t\t\t\t\t<div class=\"elementor-column elementor-col-50 elementor-top-column elementor-element elementor-element-e8911b3\" data-id=\"e8911b3\" data-element_type=\"column\">\n\t\t\t<div class=\"elementor-widget-wrap elementor-element-populated\">\n\t\t\t\t\t\t<div class=\"elementor-element elementor-element-5ed59c07 elementor-invisible elementor-widget elementor-widget-qi_addons_for_elementor_section_title\" data-id=\"5ed59c07\" data-element_type=\"widget\" data-settings=\"{&quot;_animation&quot;:&quot;fadeInUp&quot;}\" data-widget_type=\"qi_addons_for_elementor_section_title.default\">\n\t\t\t\t<div class=\"elementor-widget-container\">\n\t\t\t\t\t<div class=\"qodef-shortcode qodef-m qodef-qi-section-title qodef-decoration--underline qodef-link--underline-draw qodef-subtitle-icon--left\">\n\t\t\t<h4 class=\"qodef-m-title\">\n\t\tEmail\t<\/h4>\n\t\t\t\t\t\t<div class=\"qodef-m-text\"><p><br \/><br \/><\/p><\/div>\n\t\t<div class=\"qodef-m-button qodef-qi-clear\">\n\t\t<a class=\"qodef-shortcode qodef-m qodef-qi-button qodef-html--link qodef-layout--textual qodef-type--standard qodef-icon--left qodef-hover--icon-move-horizontal-short qodef-text-underline qodef-underline--left qodef-button-underline-draw\" href=\"mailto:info@agenciaphotogenic.com\" target=\"_blank\">\t<span class=\"qodef-m-text\">info@agenciaphotogenic.com<\/span>\t<\/a>\t<\/div>\n<\/div>\n\t\t\t\t<\/div>\n\t\t\t\t<\/div>\n\t\t\t\t<div class=\"elementor-element elementor-element-33f78a9b elementor-invisible elementor-widget elementor-widget-qi_addons_for_elementor_section_title\" data-id=\"33f78a9b\" data-element_type=\"widget\" data-settings=\"{&quot;_animation&quot;:&quot;fadeInUp&quot;}\" data-widget_type=\"qi_addons_for_elementor_section_title.default\">\n\t\t\t\t<div class=\"elementor-widget-container\">\n\t\t\t\t\t<div class=\"qodef-shortcode qodef-m qodef-qi-section-title qodef-decoration--underline qodef-link--underline-draw qodef-subtitle-icon--left\">\n\t\t\t<h4 class=\"qodef-m-title\">\n\t\tATENCI\u00d3N AL P\u00daBLICO\t<\/h4>\n\t\t\t\t\t\t<div class=\"qodef-m-text\">COWORKING VIALAB<br>\nEstaci\u00f3n de Tren de Valladolid<br>\nC\/ Recondo s\/n<br>\n47007 \u2013 VALLADOLID<br><br>\n<strong>\nDIRECCI\u00d3N FISCAL:<\/strong><br>\nC\/ Juan Ponce de Le\u00f3n 5<br>\nArroyo de la Encomienda<br>\n47195 \u2013 VALLADOLID<\/div>\n\t<\/div>\n\t\t\t\t<\/div>\n\t\t\t\t<\/div>\n\t\t\t\t<div class=\"elementor-element elementor-element-6516998 elementor-shape-circle e-grid-align-tablet-center elementor-grid-4 elementor-widget__width-initial e-grid-align-center elementor-widget elementor-widget-social-icons\" data-id=\"6516998\" data-element_type=\"widget\" data-widget_type=\"social-icons.default\">\n\t\t\t\t<div class=\"elementor-widget-container\">\n\t\t\t\t\t\t\t<div class=\"elementor-social-icons-wrapper elementor-grid\" role=\"list\">\n\t\t\t\t\t\t\t<span class=\"elementor-grid-item\" role=\"listitem\">\n\t\t\t\t\t<a class=\"elementor-icon elementor-social-icon elementor-social-icon- elementor-repeater-item-62cdcb4\" href=\"https:\/\/twitter.com\/photogenicag\" target=\"_blank\">\n\t\t\t\t\t\t<span class=\"elementor-screen-only\"><\/span>\n\t\t\t\t\t\t<svg xmlns=\"http:\/\/www.w3.org\/2000\/svg\" xmlns:xlink=\"http:\/\/www.w3.org\/1999\/xlink\" id=\"Capa_1\" x=\"0px\" y=\"0px\" viewBox=\"0 0 477.3 484\" style=\"enable-background:new 0 0 477.3 484;\" xml:space=\"preserve\"><path d=\"M447.1,456.2c0.6,0.9,1.9,1.7,1.3,2.9c-0.6,1.2-2,0.7-3.1,0.7c-39.2,0-78.5,0-117.7,0.1c-2.7,0-4.4-1-5.8-3.2 c-31.1-45.4-62.2-90.7-93.3-136c-6.1-8.9-12.2-17.7-18.3-26.5c-2.5-3.6-2.9-3.7-5.7-0.3c-19.3,22.4-38.6,44.9-57.9,67.3 c-27.1,31.5-54.2,62.9-81.1,94.4c-2.7,3.1-5.5,4.5-9.6,4.4c-8.5-0.3-17-0.1-25.5-0.1c-1.2,0-2.4-0.1-4.7-0.2 c7-8.1,13.3-15.5,19.7-22.9c47.8-55.5,95.5-111.1,143.3-166.5c2.2-2.6,2.2-4.4,0.3-7.1c-53.6-77.8-107-155.7-160.5-233.6 c-0.7-1.1-2.3-2.1-1.4-3.6c0.7-1.2,2.3-0.8,3.5-0.8c38.7,0,77.5,0,116.2-0.1c3.2,0,5.2,1.3,7,3.9c34.7,50.7,69.5,101.4,104.3,152.1 c3,4.4,3.1,4.4,6.6,0.4c39.4-45.8,78.7-91.5,118.1-137.3c4.6-5.4,9.3-10.8,13.9-16.2c1.6-2,3.5-2.9,6.1-2.9c9.5,0.1,19,0,28.5,0 c0.9,0,2.2-0.4,2.7,0.7c0.5,1.1-0.7,1.7-1.3,2.4c-21.4,24.9-42.9,49.8-64.3,74.8c-22.1,25.7-44.1,51.4-66.2,77.1 c-7,8.2-14,16.3-21,24.4c-3.8,4.4-3.9,4.4-0.6,9.1C317,266.7,353.5,319.9,390,373C409,400.8,428.1,428.5,447.1,456.2z M398.5,432.9 c0.7-1.5-0.9-2.7-1.7-3.9c-14.4-20.7-28.9-41.4-43.4-62.1c-46.1-66-92.2-131.9-138.3-197.9c-26.3-37.7-52.7-75.4-79-113.1 c-1.8-2.5-3.7-3.6-6.8-3.5c-8.1,0.2-16.2,0.1-24.4,0.1c-7.5,0-15-0.1-22.5,0c-2.2,0-5.3-1.2-6.3,0.8c-0.9,1.9,1.7,3.9,2.9,5.7 c23.7,33.9,47.4,67.8,71.1,101.7c62.8,89.8,125.6,179.7,188.3,269.5c1.9,2.7,3.9,3.8,7.1,3.7c16.2-0.1,32.5,0,48.7-0.1 C395.8,433.8,397.7,434.4,398.5,432.9z\"><\/path><\/svg>\t\t\t\t\t<\/a>\n\t\t\t\t<\/span>\n\t\t\t\t\t\t\t<span class=\"elementor-grid-item\" role=\"listitem\">\n\t\t\t\t\t<a class=\"elementor-icon elementor-social-icon elementor-social-icon-instagram elementor-repeater-item-575b7ba\" href=\"https:\/\/www.instagram.com\/agencia_photogenic\/\" target=\"_blank\">\n\t\t\t\t\t\t<span class=\"elementor-screen-only\">Instagram<\/span>\n\t\t\t\t\t\t<svg aria-hidden=\"true\" class=\"e-font-icon-svg e-fab-instagram\" viewBox=\"0 0 448 512\" xmlns=\"http:\/\/www.w3.org\/2000\/svg\"><path d=\"M224.1 141c-63.6 0-114.9 51.3-114.9 114.9s51.3 114.9 114.9 114.9S339 319.5 339 255.9 287.7 141 224.1 141zm0 189.6c-41.1 0-74.7-33.5-74.7-74.7s33.5-74.7 74.7-74.7 74.7 33.5 74.7 74.7-33.6 74.7-74.7 74.7zm146.4-194.3c0 14.9-12 26.8-26.8 26.8-14.9 0-26.8-12-26.8-26.8s12-26.8 26.8-26.8 26.8 12 26.8 26.8zm76.1 27.2c-1.7-35.9-9.9-67.7-36.2-93.9-26.2-26.2-58-34.4-93.9-36.2-37-2.1-147.9-2.1-184.9 0-35.8 1.7-67.6 9.9-93.9 36.1s-34.4 58-36.2 93.9c-2.1 37-2.1 147.9 0 184.9 1.7 35.9 9.9 67.7 36.2 93.9s58 34.4 93.9 36.2c37 2.1 147.9 2.1 184.9 0 35.9-1.7 67.7-9.9 93.9-36.2 26.2-26.2 34.4-58 36.2-93.9 2.1-37 2.1-147.8 0-184.8zM398.8 388c-7.8 19.6-22.9 34.7-42.6 42.6-29.5 11.7-99.5 9-132.1 9s-102.7 2.6-132.1-9c-19.6-7.8-34.7-22.9-42.6-42.6-11.7-29.5-9-99.5-9-132.1s-2.6-102.7 9-132.1c7.8-19.6 22.9-34.7 42.6-42.6 29.5-11.7 99.5-9 132.1-9s102.7-2.6 132.1 9c19.6 7.8 34.7 22.9 42.6 42.6 11.7 29.5 9 99.5 9 132.1s2.7 102.7-9 132.1z\"><\/path><\/svg>\t\t\t\t\t<\/a>\n\t\t\t\t<\/span>\n\t\t\t\t\t\t\t<span class=\"elementor-grid-item\" role=\"listitem\">\n\t\t\t\t\t<a class=\"elementor-icon elementor-social-icon elementor-social-icon-linkedin elementor-repeater-item-c73f8e2\" href=\"https:\/\/www.linkedin.com\/in\/photogenic\" target=\"_blank\">\n\t\t\t\t\t\t<span class=\"elementor-screen-only\">Linkedin<\/span>\n\t\t\t\t\t\t<svg aria-hidden=\"true\" class=\"e-font-icon-svg e-fab-linkedin\" viewBox=\"0 0 448 512\" xmlns=\"http:\/\/www.w3.org\/2000\/svg\"><path d=\"M416 32H31.9C14.3 32 0 46.5 0 64.3v383.4C0 465.5 14.3 480 31.9 480H416c17.6 0 32-14.5 32-32.3V64.3c0-17.8-14.4-32.3-32-32.3zM135.4 416H69V202.2h66.5V416zm-33.2-243c-21.3 0-38.5-17.3-38.5-38.5S80.9 96 102.2 96c21.2 0 38.5 17.3 38.5 38.5 0 21.3-17.2 38.5-38.5 38.5zm282.1 243h-66.4V312c0-24.8-.5-56.7-34.5-56.7-34.6 0-39.9 27-39.9 54.9V416h-66.4V202.2h63.7v29.2h.9c8.9-16.8 30.6-34.5 62.9-34.5 67.2 0 79.7 44.3 79.7 101.9V416z\"><\/path><\/svg>\t\t\t\t\t<\/a>\n\t\t\t\t<\/span>\n\t\t\t\t\t<\/div>\n\t\t\t\t\t\t<\/div>\n\t\t\t\t<\/div>\n\t\t\t\t\t<\/div>\n\t\t<\/div>\n\t\t\t\t<div class=\"elementor-column elementor-col-50 elementor-top-column elementor-element elementor-element-687d24f8\" data-id=\"687d24f8\" data-element_type=\"column\">\n\t\t\t<div class=\"elementor-widget-wrap elementor-element-populated\">\n\t\t\t\t\t\t<div class=\"elementor-element elementor-element-7aeb7cf0 elementor-widget elementor-widget-qi_addons_for_elementor_section_title\" data-id=\"7aeb7cf0\" data-element_type=\"widget\" data-widget_type=\"qi_addons_for_elementor_section_title.default\">\n\t\t\t\t<div class=\"elementor-widget-container\">\n\t\t\t\t\t<div class=\"qodef-shortcode qodef-m qodef-qi-section-title qodef-decoration--underline qodef-link--underline-draw qodef-subtitle-icon--left\">\n\t\t\t\t\t\t<h2 class=\"qodef-m-title\">\n\t\tCu\u00e9ntanos <span class=\"qodef-e-colored\">algo.<\/span> Te escuchamos.\t<\/h2>\n\t\t\t<\/div>\n\t\t\t\t<\/div>\n\t\t\t\t<\/div>\n\t\t\t\t<div class=\"elementor-element elementor-element-38974f2f elementor-button-align-stretch elementor-widget elementor-widget-form\" data-id=\"38974f2f\" data-element_type=\"widget\" data-settings=\"{&quot;step_next_label&quot;:&quot;Next&quot;,&quot;step_previous_label&quot;:&quot;Previous&quot;,&quot;button_width&quot;:&quot;100&quot;,&quot;step_type&quot;:&quot;number_text&quot;,&quot;step_icon_shape&quot;:&quot;circle&quot;}\" data-widget_type=\"form.default\">\n\t\t\t\t<div class=\"elementor-widget-container\">\n\t\t\t\t\t\t\t<form class=\"elementor-form\" method=\"post\" name=\"Contact Form\" aria-label=\"Contact Form\">\n\t\t\t<input type=\"hidden\" name=\"post_id\" value=\"290\"\/>\n\t\t\t<input type=\"hidden\" name=\"form_id\" value=\"38974f2f\"\/>\n\t\t\t<input type=\"hidden\" name=\"referer_title\" value=\"Contacto - Fot\u00f3grafos en Valladolid - Photogenic Agencia Gr\u00e1fica\" \/>\n\n\t\t\t\t\t\t\t<input type=\"hidden\" name=\"queried_id\" value=\"290\"\/>\n\t\t\t\n\t\t\t<div class=\"elementor-form-fields-wrapper elementor-labels-above\">\n\t\t\t\t\t\t\t\t<div class=\"elementor-field-type-text elementor-field-group elementor-column elementor-field-group-first_name elementor-col-50 elementor-field-required elementor-mark-required\">\n\t\t\t\t\t\t\t\t\t\t\t\t<label for=\"form-field-first_name\" class=\"elementor-field-label\">\n\t\t\t\t\t\t\t\tNombre\t\t\t\t\t\t\t<\/label>\n\t\t\t\t\t\t\t\t\t\t\t\t\t\t<input size=\"1\" type=\"text\" name=\"form_fields[first_name]\" id=\"form-field-first_name\" class=\"elementor-field elementor-size-sm  elementor-field-textual\" required=\"required\">\n\t\t\t\t\t\t\t\t\t\t\t<\/div>\n\t\t\t\t\t\t\t\t<div class=\"elementor-field-type-text elementor-field-group elementor-column elementor-field-group-last_name elementor-col-50 elementor-field-required elementor-mark-required\">\n\t\t\t\t\t\t\t\t\t\t\t\t<label for=\"form-field-last_name\" class=\"elementor-field-label\">\n\t\t\t\t\t\t\t\tapellidos\t\t\t\t\t\t\t<\/label>\n\t\t\t\t\t\t\t\t\t\t\t\t\t\t<input size=\"1\" type=\"text\" name=\"form_fields[last_name]\" id=\"form-field-last_name\" class=\"elementor-field elementor-size-sm  elementor-field-textual\" required=\"required\">\n\t\t\t\t\t\t\t\t\t\t\t<\/div>\n\t\t\t\t\t\t\t\t<div class=\"elementor-field-type-email elementor-field-group elementor-column elementor-field-group-email_address elementor-col-50 elementor-field-required elementor-mark-required\">\n\t\t\t\t\t\t\t\t\t\t\t\t<label for=\"form-field-email_address\" class=\"elementor-field-label\">\n\t\t\t\t\t\t\t\tEmail\t\t\t\t\t\t\t<\/label>\n\t\t\t\t\t\t\t\t\t\t\t\t\t\t<input size=\"1\" type=\"email\" name=\"form_fields[email_address]\" id=\"form-field-email_address\" class=\"elementor-field elementor-size-sm  elementor-field-textual\" required=\"required\">\n\t\t\t\t\t\t\t\t\t\t\t<\/div>\n\t\t\t\t\t\t\t\t<div class=\"elementor-field-type-tel elementor-field-group elementor-column elementor-field-group-phone_number elementor-col-50 elementor-field-required elementor-mark-required\">\n\t\t\t\t\t\t\t\t\t\t\t\t<label for=\"form-field-phone_number\" class=\"elementor-field-label\">\n\t\t\t\t\t\t\t\ttel\u00e9fono\t\t\t\t\t\t\t<\/label>\n\t\t\t\t\t\t\t\t<input size=\"1\" type=\"tel\" name=\"form_fields[phone_number]\" id=\"form-field-phone_number\" class=\"elementor-field elementor-size-sm  elementor-field-textual\" required=\"required\" pattern=\"[0-9()#&amp;+*-=.]+\" title=\"Solo se aceptan n\u00fameros y caracteres de tel\u00e9fono (#,-,*,etc).\">\n\n\t\t\t\t\t\t<\/div>\n\t\t\t\t\t\t\t\t<div class=\"elementor-field-type-textarea elementor-field-group elementor-column elementor-field-group-deatils elementor-col-100 elementor-field-required elementor-mark-required\">\n\t\t\t\t\t\t\t\t\t\t\t\t<label for=\"form-field-deatils\" class=\"elementor-field-label\">\n\t\t\t\t\t\t\t\tMensaje\t\t\t\t\t\t\t<\/label>\n\t\t\t\t\t\t<textarea class=\"elementor-field-textual elementor-field  elementor-size-sm\" name=\"form_fields[deatils]\" id=\"form-field-deatils\" rows=\"6\" required=\"required\"><\/textarea>\t\t\t\t<\/div>\n\t\t\t\t\t\t\t\t<div class=\"elementor-field-type-acceptance elementor-field-group elementor-column elementor-field-group-field_6829a37 elementor-col-100 elementor-field-required elementor-mark-required\">\n\t\t\t\t\t\t\t<div class=\"elementor-field-subgroup\">\n\t\t\t<span class=\"elementor-field-option\">\n\t\t\t\t<input type=\"checkbox\" name=\"form_fields[field_6829a37]\" id=\"form-field-field_6829a37\" class=\"elementor-field elementor-size-sm  elementor-acceptance-field\" required=\"required\">\n\t\t\t\t<label for=\"form-field-field_6829a37\">He le\u00eddo y acepto la <a href=\"https:\/\/agenciaphotogenic.com\/web\/politica-de-privacidad\/\" target=\"_blank\">pol\u00edtica de privacidad<\/a> de esta web<\/label>\t\t\t<\/span>\n\t\t<\/div>\n\t\t\t\t\t\t<\/div>\n\t\t\t\t\t\t\t\t<div class=\"elementor-field-type-recaptcha_v3 elementor-field-group elementor-column elementor-field-group-field_aa0ed3b elementor-col-100 recaptcha_v3-bottomright\">\n\t\t\t\t\t<div class=\"elementor-field\" id=\"form-field-field_aa0ed3b\"><div class=\"elementor-g-recaptcha\" data-sitekey=\"6Le2iHgpAAAAAFRp7EL4QHBXqCnfcs2_RqjicMNG\" data-type=\"v3\" data-action=\"Form\" data-badge=\"bottomright\" data-size=\"invisible\"><\/div><\/div>\t\t\t\t<\/div>\n\t\t\t\t\t\t\t\t<div class=\"elementor-field-group elementor-column elementor-field-type-submit elementor-col-100 e-form__buttons\">\n\t\t\t\t\t<button class=\"elementor-button elementor-size-md\" type=\"submit\">\n\t\t\t\t\t\t<span class=\"elementor-button-content-wrapper\">\n\t\t\t\t\t\t\t\t\t\t\t\t\t\t\t\t\t\t\t\t\t\t<span class=\"elementor-button-text\">ENVIAR FORMULARIO<\/span>\n\t\t\t\t\t\t\t\t\t\t\t\t\t<\/span>\n\t\t\t\t\t<\/button>\n\t\t\t\t<\/div>\n\t\t\t<\/div>\n\t\t<\/form>\n\t\t\t\t\t\t<\/div>\n\t\t\t\t<\/div>\n\t\t\t\t<div class=\"elementor-element elementor-element-2f658b9 elementor-widget elementor-widget-text-editor\" data-id=\"2f658b9\" data-element_type=\"widget\" data-widget_type=\"text-editor.default\">\n\t\t\t\t<div class=\"elementor-widget-container\">\n\t\t\t\t\t\t\t\t\t<small>Este sitio est\u00e1 protegido por reCAPTCHA y se aplican la <a href=\"https:\/\/policies.google.com\/privacy\">pol\u00edtica de privacidad<\/a> y <a href=\"https:\/\/policies.google.com\/terms\">t\u00e9rminos del servicio<\/a> de Google. <\/small>\t\t\t\t\t\t\t\t<\/div>\n\t\t\t\t<\/div>\n\t\t\t\t\t<\/div>\n\t\t<\/div>\n\t\t\t\t\t<\/div>\n\t\t<\/section>\n\t\t\t\t<\/div>\n\t\t","protected":false},"excerpt":{"rendered":"<p>Contacto Te estamos esperando Email info@agenciaphotogenic.com ATENCI\u00d3N AL P\u00daBLICO COWORKING VIALAB Estaci\u00f3n de Tren de Valladolid C\/ Recondo s\/n 47007 \u2013 VALLADOLID DIRECCI\u00d3N FISCAL: C\/ Juan Ponce de Le\u00f3n 5 Arroyo de la Encomienda 47195 \u2013 VALLADOLID Instagram Linkedin Cu\u00e9ntanos algo. Te escuchamos. Este sitio est\u00e1 protegido por reCAPTCHA y se aplican la pol\u00edtica de [&hellip;]<\/p>\n","protected":false},"author":1,"featured_media":0,"parent":0,"menu_order":0,"comment_status":"closed","ping_status":"closed","template":"","meta":{"footnotes":""},"class_list":["post-290","page","type-page","status-publish","hentry"],"yoast_head":"<!-- This site is optimized with the Yoast SEO plugin v26.8 - https:\/\/yoast.com\/product\/yoast-seo-wordpress\/ -->\n<title>Contacto - Fot\u00f3grafos en Valladolid - Photogenic Agencia Gr\u00e1fica<\/title>\n<meta name=\"robots\" content=\"index, follow, max-snippet:-1, max-image-preview:large, max-video-preview:-1\" \/>\n<link rel=\"canonical\" href=\"https:\/\/agenciaphotogenic.com\/web\/contacto\/\" \/>\n<meta property=\"og:locale\" content=\"es_ES\" \/>\n<meta property=\"og:type\" content=\"article\" \/>\n<meta property=\"og:title\" content=\"Contacto - Fot\u00f3grafos en Valladolid - Photogenic Agencia Gr\u00e1fica\" \/>\n<meta property=\"og:description\" content=\"Contacto Te estamos esperando Email info@agenciaphotogenic.com ATENCI\u00d3N AL P\u00daBLICO COWORKING VIALAB Estaci\u00f3n de Tren de Valladolid C\/ Recondo s\/n 47007 \u2013 VALLADOLID DIRECCI\u00d3N FISCAL: C\/ Juan Ponce de Le\u00f3n 5 Arroyo de la Encomienda 47195 \u2013 VALLADOLID Instagram Linkedin Cu\u00e9ntanos algo. Te escuchamos. Este sitio est\u00e1 protegido por reCAPTCHA y se aplican la pol\u00edtica de [&hellip;]\" \/>\n<meta property=\"og:url\" content=\"https:\/\/agenciaphotogenic.com\/web\/contacto\/\" \/>\n<meta property=\"og:site_name\" content=\"Fot\u00f3grafos en Valladolid - Photogenic Agencia Gr\u00e1fica\" \/>\n<meta property=\"article:modified_time\" content=\"2024-02-21T16:53:32+00:00\" \/>\n<meta name=\"twitter:card\" content=\"summary_large_image\" \/>\n<meta name=\"twitter:label1\" content=\"Tiempo de lectura\" \/>\n\t<meta name=\"twitter:data1\" content=\"1 minuto\" \/>\n<script type=\"application\/ld+json\" class=\"yoast-schema-graph\">{\"@context\":\"https:\/\/schema.org\",\"@graph\":[{\"@type\":\"WebPage\",\"@id\":\"https:\/\/agenciaphotogenic.com\/web\/contacto\/\",\"url\":\"https:\/\/agenciaphotogenic.com\/web\/contacto\/\",\"name\":\"Contacto - Fot\u00f3grafos en Valladolid - Photogenic Agencia Gr\u00e1fica\",\"isPartOf\":{\"@id\":\"https:\/\/agenciaphotogenic.com\/web\/#website\"},\"datePublished\":\"2024-01-26T19:14:05+00:00\",\"dateModified\":\"2024-02-21T16:53:32+00:00\",\"breadcrumb\":{\"@id\":\"https:\/\/agenciaphotogenic.com\/web\/contacto\/#breadcrumb\"},\"inLanguage\":\"es\",\"potentialAction\":[{\"@type\":\"ReadAction\",\"target\":[\"https:\/\/agenciaphotogenic.com\/web\/contacto\/\"]}]},{\"@type\":\"BreadcrumbList\",\"@id\":\"https:\/\/agenciaphotogenic.com\/web\/contacto\/#breadcrumb\",\"itemListElement\":[{\"@type\":\"ListItem\",\"position\":1,\"name\":\"Portada\",\"item\":\"https:\/\/agenciaphotogenic.com\/web\/\"},{\"@type\":\"ListItem\",\"position\":2,\"name\":\"Contacto\"}]},{\"@type\":\"WebSite\",\"@id\":\"https:\/\/agenciaphotogenic.com\/web\/#website\",\"url\":\"https:\/\/agenciaphotogenic.com\/web\/\",\"name\":\"Fot\u00f3grafos en Valladolid - Photogenic Agencia Gr\u00e1fica\",\"description\":\"Fot\u00f3grafos en Valladolid. Photogenic es una empresa formada por fot\u00f3grafos que ofrece servicios de prensa, deportes, bodas, y eventos\",\"publisher\":{\"@id\":\"https:\/\/agenciaphotogenic.com\/web\/#organization\"},\"potentialAction\":[{\"@type\":\"SearchAction\",\"target\":{\"@type\":\"EntryPoint\",\"urlTemplate\":\"https:\/\/agenciaphotogenic.com\/web\/?s={search_term_string}\"},\"query-input\":{\"@type\":\"PropertyValueSpecification\",\"valueRequired\":true,\"valueName\":\"search_term_string\"}}],\"inLanguage\":\"es\"},{\"@type\":\"Organization\",\"@id\":\"https:\/\/agenciaphotogenic.com\/web\/#organization\",\"name\":\"Fot\u00f3grafos en Valladolid - Photogenic Agencia Gr\u00e1fica\",\"url\":\"https:\/\/agenciaphotogenic.com\/web\/\",\"logo\":{\"@type\":\"ImageObject\",\"inLanguage\":\"es\",\"@id\":\"https:\/\/agenciaphotogenic.com\/web\/#\/schema\/logo\/image\/\",\"url\":\"https:\/\/agenciaphotogenic.com\/web\/wp-content\/uploads\/logo-blanco.png\",\"contentUrl\":\"https:\/\/agenciaphotogenic.com\/web\/wp-content\/uploads\/logo-blanco.png\",\"width\":1200,\"height\":300,\"caption\":\"Fot\u00f3grafos en Valladolid - Photogenic Agencia Gr\u00e1fica\"},\"image\":{\"@id\":\"https:\/\/agenciaphotogenic.com\/web\/#\/schema\/logo\/image\/\"}}]}<\/script>\n<!-- \/ Yoast SEO plugin. -->","yoast_head_json":{"title":"Contacto - Fot\u00f3grafos en Valladolid - Photogenic Agencia Gr\u00e1fica","robots":{"index":"index","follow":"follow","max-snippet":"max-snippet:-1","max-image-preview":"max-image-preview:large","max-video-preview":"max-video-preview:-1"},"canonical":"https:\/\/agenciaphotogenic.com\/web\/contacto\/","og_locale":"es_ES","og_type":"article","og_title":"Contacto - Fot\u00f3grafos en Valladolid - Photogenic Agencia Gr\u00e1fica","og_description":"Contacto Te estamos esperando Email info@agenciaphotogenic.com ATENCI\u00d3N AL P\u00daBLICO COWORKING VIALAB Estaci\u00f3n de Tren de Valladolid C\/ Recondo s\/n 47007 \u2013 VALLADOLID DIRECCI\u00d3N FISCAL: C\/ Juan Ponce de Le\u00f3n 5 Arroyo de la Encomienda 47195 \u2013 VALLADOLID Instagram Linkedin Cu\u00e9ntanos algo. Te escuchamos. Este sitio est\u00e1 protegido por reCAPTCHA y se aplican la pol\u00edtica de [&hellip;]","og_url":"https:\/\/agenciaphotogenic.com\/web\/contacto\/","og_site_name":"Fot\u00f3grafos en Valladolid - Photogenic Agencia Gr\u00e1fica","article_modified_time":"2024-02-21T16:53:32+00:00","twitter_card":"summary_large_image","twitter_misc":{"Tiempo de lectura":"1 minuto"},"schema":{"@context":"https:\/\/schema.org","@graph":[{"@type":"WebPage","@id":"https:\/\/agenciaphotogenic.com\/web\/contacto\/","url":"https:\/\/agenciaphotogenic.com\/web\/contacto\/","name":"Contacto - Fot\u00f3grafos en Valladolid - Photogenic Agencia Gr\u00e1fica","isPartOf":{"@id":"https:\/\/agenciaphotogenic.com\/web\/#website"},"datePublished":"2024-01-26T19:14:05+00:00","dateModified":"2024-02-21T16:53:32+00:00","breadcrumb":{"@id":"https:\/\/agenciaphotogenic.com\/web\/contacto\/#breadcrumb"},"inLanguage":"es","potentialAction":[{"@type":"ReadAction","target":["https:\/\/agenciaphotogenic.com\/web\/contacto\/"]}]},{"@type":"BreadcrumbList","@id":"https:\/\/agenciaphotogenic.com\/web\/contacto\/#breadcrumb","itemListElement":[{"@type":"ListItem","position":1,"name":"Portada","item":"https:\/\/agenciaphotogenic.com\/web\/"},{"@type":"ListItem","position":2,"name":"Contacto"}]},{"@type":"WebSite","@id":"https:\/\/agenciaphotogenic.com\/web\/#website","url":"https:\/\/agenciaphotogenic.com\/web\/","name":"Fot\u00f3grafos en Valladolid - Photogenic Agencia Gr\u00e1fica","description":"Fot\u00f3grafos en Valladolid. Photogenic es una empresa formada por fot\u00f3grafos que ofrece servicios de prensa, deportes, bodas, y eventos","publisher":{"@id":"https:\/\/agenciaphotogenic.com\/web\/#organization"},"potentialAction":[{"@type":"SearchAction","target":{"@type":"EntryPoint","urlTemplate":"https:\/\/agenciaphotogenic.com\/web\/?s={search_term_string}"},"query-input":{"@type":"PropertyValueSpecification","valueRequired":true,"valueName":"search_term_string"}}],"inLanguage":"es"},{"@type":"Organization","@id":"https:\/\/agenciaphotogenic.com\/web\/#organization","name":"Fot\u00f3grafos en Valladolid - Photogenic Agencia Gr\u00e1fica","url":"https:\/\/agenciaphotogenic.com\/web\/","logo":{"@type":"ImageObject","inLanguage":"es","@id":"https:\/\/agenciaphotogenic.com\/web\/#\/schema\/logo\/image\/","url":"https:\/\/agenciaphotogenic.com\/web\/wp-content\/uploads\/logo-blanco.png","contentUrl":"https:\/\/agenciaphotogenic.com\/web\/wp-content\/uploads\/logo-blanco.png","width":1200,"height":300,"caption":"Fot\u00f3grafos en Valladolid - Photogenic Agencia Gr\u00e1fica"},"image":{"@id":"https:\/\/agenciaphotogenic.com\/web\/#\/schema\/logo\/image\/"}}]}},"_links":{"self":[{"href":"https:\/\/agenciaphotogenic.com\/web\/wp-json\/wp\/v2\/pages\/290","targetHints":{"allow":["GET"]}}],"collection":[{"href":"https:\/\/agenciaphotogenic.com\/web\/wp-json\/wp\/v2\/pages"}],"about":[{"href":"https:\/\/agenciaphotogenic.com\/web\/wp-json\/wp\/v2\/types\/page"}],"author":[{"embeddable":true,"href":"https:\/\/agenciaphotogenic.com\/web\/wp-json\/wp\/v2\/users\/1"}],"replies":[{"embeddable":true,"href":"https:\/\/agenciaphotogenic.com\/web\/wp-json\/wp\/v2\/comments?post=290"}],"version-history":[{"count":31,"href":"https:\/\/agenciaphotogenic.com\/web\/wp-json\/wp\/v2\/pages\/290\/revisions"}],"predecessor-version":[{"id":682,"href":"https:\/\/agenciaphotogenic.com\/web\/wp-json\/wp\/v2\/pages\/290\/revisions\/682"}],"wp:attachment":[{"href":"https:\/\/agenciaphotogenic.com\/web\/wp-json\/wp\/v2\/media?parent=290"}],"curies":[{"name":"wp","href":"https:\/\/api.w.org\/{rel}","templated":true}]}}